f -1/24*b**4 + 3*b**2 + 1/60*b**5 + 0*b + 1/6*b**3 + 0. Determine u(c).
3
Suppose 2*m = -4*b + 24, -48 = -4*m - 6*b + b. Suppose -3*q + m = -2*v, -2*v - 5*q = -4*q + 12. Let t(s) = -3*s - 7. Give t(v).
11
Let u(v) = v**2 + 11*v + 8. Suppose -196 = 11*q - 75. Determine u(q).
8
Let y(l) be the second derivative of -1/3*l**3 + 0 + 3*l - 3/2*l**2 + 1/12*l**4. What is y(-2)?
5
Suppose -2*q = 2 + 2. Let p(j) = 0*j**2 + 0*j**2 + 4*j + j**2 + 3. What is p(q)?
-1
Let u = -1 - -7. Let r be 417/9 - 2/u. Let z be (-12)/42 + r/14. Let v(p) = p**3 - 3*p**2 + 2*p + 4. Determine v(z).
10
Let b(c) = c**3 - 3*c**2. Let g be (-16)/56 + 37/7. Let i(l) = -2*l**2 + 4 - g*l - 2*l**2 - 1 + 3*l**2. Let x be i(-5). Determine b(x).
0
Let x(j) be the first derivative of -6*j**3 + j - 31. Determine x(-1).
-17
Suppose -4*q + 3*d = 4*d - 7, -4*d = 3*q - 15. Let x(k) be the first derivative of 3*k**4/4 - k**3/3 + k**2/2 - k + 4. Give x(q).
2
Let d = 2 + 19. Suppose 0 = -4*h + d - 5. Let f(a) be the first derivative of a**3/3 - 2*a**2 - a + 1. Calculate f(h).
-1
Let x(k) = k**3 + 6*k**2 + 4. Let y(n) be the third derivative of -n**4/24 + n**3/6 + 5*n**2. Let p be y(7). Calculate x(p).
4
Suppose 0 = -s, 0 = 2*u + 4*s + 7 + 1. Let y(z) = -z**3 - 4*z**2 - 2*z - 6. What is y(u)?
2
Let f = 10 - 5. Let q(t) = t - f*t**2 + 2*t**2 - 2 + t**3 + 5*t**2. Determine q(-2).
-4
Let t = 6 - 1. Suppose -5*g - 1 + 32 = 3*i, -t*g + i + 23 = 0. Let o(q) = -3*q + 3*q - q**3 + 5*q**2 + q + 1. Give o(g).
6
Suppose -n + 178 - 176 = 0. Let o(j) be the second derivative of j**4/12 - j**3/6 - j**2/2 - j. Give o(n).
1
Let f = 2 - -2. Let y(n) = -2 - n**2 + 10*n - 1 - 5*n. Give y(f).
1
Let j be 0*((-12)/(-9) + -1). Let x(d) = 2 + 4*d - d - 2*d + j. Determine x(5).
7
Let r(a) = -4*a - 4. Let t(k) = 7*k + 7. Let d(m) = -m**2 - 3*m + 7. Let n be d(-5). Let f(w) = n*t(w) - 5*r(w). Determine f(6).
-7
Suppose -3 - 2 = -5*d. Let p(r) = -r + 4. Let o(g) = 1. Let z(j) = -3*o(j) + p(j). Determine z(d).
0
Let r = 60 + -56. Let j(o) = o**3 - 3*o**2 - 2*o - 4. Calculate j(r).
4
Let c = -1 + 8. Let o(u) = 1 - 2*u + 0 + 5*u**3 - 6*u**3 - u**2 + c*u**2. What is o(5)?
16
Let j(t) = -t + 1. Let z(y) = 6*y**2 - 65*y - 10. Let w be z(11). Give j(w).
0
Let s(x) = -x**2 - x - 10. Suppose -7*g - g = 0. Calculate s(g).
-10
Let o(w) = -w**3 - 4*w**2 + 4*w - 3. Let k(d) = d**3 + 20*d**2 - 20*d + 16. Let n be k(-21). Calculate o(n).
2
Let i(h) = 6 + 304*h - 303*h + 3. Determine i(-8).
1
Let w(b) be the third derivative of b**6/120 + b**5/12 + b**4/6 + 5*b**3/6 + 5*b**2. Give w(-4).
5
Let k(i) be the third derivative of i**7/2520 - i**6/720 + i**4/12 - i**2. Let t(g) be the second derivative of k(g). Determine t(0).
0
Let c be 1 + -6*1/(-2). Let y(k) = -4*k. Determine y(c).
-16
Let q(o) = o**2 - o. Let g(k) = -7*k**2 - 6*k + 3. Let m(c) = g(c) + 6*q(c). What is m(-13)?
-10
Let q(i) be the first derivative of -i**2 + 3*i + 53. Let c = 35 - 21. Let p be 4/c - 19/(-7). Give q(p).
-3
Suppose 4*o = 4*i - 5*i + 110, -5*o = 2*i - 136. Suppose 2*a + 4*d = o, -d = a - 6 - 3. Let p(f) = 2*f + a - 3*f + f**2 - 6*f. Determine p(5).
-6
Let u(f) be the second derivative of -1/2*f**3 - 4*f + 0 - 1/12*f**4 - f**2. Give u(-5).
-12
Let j(y) = 7*y. Let r = 24 + -23. Give j(r).
7
Suppose 3*l + 4*f = -2*l - 5, -2*l + 3*f - 2 = 0. Let v(q) be the third derivative of 0 + 2*q**2 + 0*q - 1/12*q**4 - 1/6*q**3 + 1/20*q**5. Give v(l).
4
Let y(r) = -r**2 - 5*r - 2. Let x(c) = -c**3 + 3*c**2 + 3*c - 2. Let u be (2 - 1) + (-4 - -7). Let k be x(u). Give y(k).
-8
Let b(z) = z**3 + z. Let q(x) = 7*x**3 - 6*x**2 + 13*x - 4. Let a(t) = -6*b(t) + q(t). Give a(5).
6
Let g be -4 + (-3 + 3)/2. Let d(n) = n - 4. What is d(g)?
-8
Let f(k) be the second derivative of k**4/12 + k**3/6 + 2*k**2 + 9*k. Determine f(0).
4
Let b(u) = -u**2 + 1. Let j(m) = -5*m + 24. Let x be j(5). Calculate b(x).
0
Let n(d) = 4*d**2 - d - 1. Suppose 12 = 3*l + 3. Let g be (l/9)/((-1)/3). Calculate n(g).
4
Let r(m) = -3*m - 5. Let h be ((-4)/(-2 - -3))/(-2). Suppose -5*q = -h*i + 7 + 10, 7 = q - 3*i. Give r(q).
10
Suppose -4*t + 1 = -j + 5, -5*t - 5 = -2*j. Let u = j - -5. Let c(k) = -k + 1. Calculate c(u).
-4
Let o(a) = -3*a - 2 + a + 3*a. Suppose 4*u - g - 5 + 4 = 0, u - 2*g - 2 = 0. Suppose l - t - 7 = u, 4*l + 0*t = 2*t + 22. Give o(l).
2
Let f be 0/(-1) + (6 - 1). Suppose 4*a - 90 = -a. Let n be a/f + 2/5. Let s(c) = c - 9. What is s(n)?
-5
Let l be (7 - 13) + 1/1. Let c(d) = -d**2 - 3*d + 3. Let x(y) = y**2 + 3*y - 3. Let r(k) = l*x(k) - 6*c(k). Let m = -6 + 3. Determine r(m).
-3
Let m(f) = -2*f**3 + f**2 + f + 1. Let v be (-1)/((-3)/(6/(-1) - -3)). Calculate m(v).
3
Let k(b) = 3 + 62*b - 61*b + 0. What is k(-3)?
0
Let v(y) = y**2 + 4*y + 2. Let d be 120/21 + (-6)/(-21). Suppose -d = -0*j + 3*j. Give v(j).
-2
Suppose -a - 2*a = -27. Let w = a - 5. Let g(m) = -m**3 + m**2 - w*m**2 - 4 + 5 - m. Determine g(-3).
4
Let c(a) = 6*a - 6. Suppose 3*i + i - 3 = z, 4*z + 2*i + 12 = 0. Let n(x) = -8 + x + 4*x + 2. Let s(w) = z*n(w) + 2*c(w). Give s(4).
-6
Let o(w) = -w**3 + 5*w**2 - 7*w + 4. Suppose 0 = 3*s + 7 - 19. Suppose -s*i + 2*v + 10 = -14, 3*i + 2*v = 4. Give o(i).
-8
Let q(j) = -j**3 + 5*j**2 + 7*j - 2. Suppose 4 + 0 = i. Suppose -2*s + i + 20 = 0. Suppose x = -x + s. Give q(x).
4
Let v = 7 + -5. Let u(s) = 0*s**2 + 7*s - 5 - 2 - s**v. Let d be (-106)/(-22) - (-6)/33. Give u(d).
3
Let b(o) = 15*o - 15. Let u(f) be the third derivative of 7*f**4/24 - 7*f**3/6 + f**2. Let j(q) = 6*b(q) - 13*u(q). Give j(0).
1
Let a(s) = s**3 + 6*s**2 + 4*s + 3. Suppose 3*o - 3 = 3. Suppose o*x + 5*u = -1, 2*u = 2*x + 6*u. Suppose -l - 3 = x. Calculate a(l).
8
Let u(g) = -2*g. Let t be u(2). Let w(z) = 2*z**2 + 7*z + 6. Give w(t).
10
Suppose -m + 2 = -2. Suppose t - 3 = m*t. Let n(w) = w**3 + w**2 + w. Determine n(t).
-1
Let n be 0/(-1 - 0) - -3. Let a(v) = -5 + 3 + 10*v + n. What is a(-1)?
-9
Let b = -2 - -3. Suppose 2*v - 12 = -4*f, 3*f + 3*v - 5 - b = 0. Let a(i) = -i**3 + 4*i**2 + 3*i - 5. Give a(f).
7
Let x(r) = -r**2 + 3*r + 4. Let a be (-23)/(-5) - 1/(10/6). What is x(a)?
0
Suppose -2*w = 2*f - 5*f + 1, 4*f = 5*w - 15. Suppose -w = l + p, -p - 7 + 2 = 0. Let k(c) = -c. Calculate k(l).
2
Let l(x) = 12*x - 1 - 8*x - 5*x + 2. Let o be (-2 - -4)*(-1)/2. What is l(o)?
2
Let r(x) be the third derivative of -x**6/120 + x**5/12 - 5*x**4/24 - 39*x**2. Determine r(4).
-4
Let y(l) = -l**2 - 6*l + 1. Suppose -1 = j + 4. Let w be 3 + -3*(-12)/(-9). Let z be (2 - (2 + w))*j. What is y(z)?
6
Let k(c) = 2*c**3 + 5*c**2 + c - 4. Suppose -2*w + 0 = 6. Give k(w).
-16
Suppose -4*p + 14 = -6. Let m(r) be the third derivative of r**5/60 - 7*r**4/24 - r**3/3 + 2*r**2. Let i(n) be the first derivative of m(n). What is i(p)?
3
Suppose m + 2 + 2 = 0, 0 = 5*x + 2*m - 17. Let t(s) = s + 1. Let c(r) = -r**2 + 9*r. Let d(o) = -c(o) + 4*t(o). Give d(x).
4
Suppose -5*n + 34 - 4 = 0. Let a(u) be the third derivative of -u**2 + 0 - 1/4*u**4 + 7/60*u**5 - 1/120*u**6 - 1/3*u**3 + 0*u. Determine a(n).
-2
Let n(q) = q + 1. Let i(m) = 3*m - 1. Let d(j) = -i(j) + 2*n(j). Let k be (-2 + 1)*(-4 - 0). What is d(k)?
-1
Let j(v) = -2*v**3 - 3*v**2 - 2*v - 3. Let i(h) be the second derivative of h**4/12 - 8*h**3/3 - h**2 - 4*h. Let m be i(16). What is j(m)?
5
Let v(d) = 3*d - 6. Let g(w) = 3*w - 7. Let c(y) = 2*g(y) - 3*v(y). Determine c(6).
-14
Let w(x) = -3 + 2*x**2 + 75*x + 6*x**2 + x**3 - 71*x. Calculate w(-7).
18
Let q(t) = -3*t. Let c = 10 - 7. Suppose -2*p - c = -3*p. Suppose 0*u + p*u = 6. Calculate q(u).
-6
Suppose -2*p + n = -3*p - 1, 3*n + 1 = -4*p. Let u(z) be the second derivative of 0 - 1/2*z**3 + z - 3/2*z**p + 1/20*z**5 + 1/4*z**4. What is u(-3)?
6
Let o = 1 + -4. Let y(g) be the first derivative of g**5/120 - g**3/3 - 3. Let z(p) be the third derivative of y(p). Give z(o).
-3
Let f(r) be the second derivative of r**3/2 - r**2 + 23*r. Give f(-3).
-11
Let u(k) = -k**3 + 4*k**2 + 3*k - 3. Let t(m) = m**3 - 7*m**2 + 7*m - 1. Let f be t(6). Suppose -4*b + f*l + 11 = 0, -b = -0*b - 2*l - 2. Determine u(b).
9
Let n(t) = 16*t + 25. Let z(m) = 3*m + 5. Let o(h) = 2*n(h) - 11*z(h). Suppose 5*y + 0*q + 4 = 4*q, 0 = y - 4*q + 4. Determine o(y).
-5
Suppose -6*b = -8*b. Let a(w) = b + 0*w - 3*w + 0 + w**2. Give a(4).
4
Let u(z) = 4*z + 5. Let 